{"id":19,"date":"2008-01-15T12:10:49","date_gmt":"2008-01-15T17:10:49","guid":{"rendered":"http:\/\/www.plongeeenapnee.com\/?page_id=19"},"modified":"2021-01-17T11:27:09","modified_gmt":"2021-01-17T16:27:09","slug":"photos-de-plongee","status":"publish","type":"page","link":"https:\/\/www.plongeeenapnee.com\/?page_id=19","title":{"rendered":"Photos des Cara\u00efbes"},"content":{"rendered":"<h3>Bienvenue dans notre album de photos de plong\u00e9e en apn\u00e9e.<\/h3>\n<p>[eazyest_gallery order=\u00a0\u00bbDESC\u00a0\u00bb orderby=\u00a0\u00bbpost_date\u00a0\u00bb columns=\u00a0\u00bb4&Prime; exclude=\u00a0\u00bb6044,6048,6055,6061,6064,6066,6069,6094,6101,6102,6103,6104,6105,6107,6108,6109,6110,6111,6113,6114,6117,9435,14526&Prime;]<\/p>\n","protected":false},"excerpt":{"rendered":"<p>Bienvenue dans notre album de photos de plong\u00e9e en apn\u00e9e. [eazyest_gallery order=\u00a0\u00bbDESC\u00a0\u00bb orderby=\u00a0\u00bbpost_date\u00a0\u00bb columns=\u00a0\u00bb4&Prime; exclude=\u00a0\u00bb6044,6048,6055,6061,6064,6066,6069,6094,6101,6102,6103,6104,6105,6107,6108,6109,6110,6111,6113,6114,6117,9435,14526&Prime;]<\/p>\n","protected":false},"author":2,"featured_media":0,"parent":0,"menu_order":50,"comment_status":"closed","ping_status":"closed","template":"","meta":{"footnotes":"","_links_to":"","_links_to_target":""},"class_list":["post-19","page","type-page","status-publish","hentry","post-preview"],"_links":{"self":[{"href":"https:\/\/www.plongeeenapnee.com\/index.php?rest_route=\/wp\/v2\/pages\/19","targetHints":{"allow":["GET"]}}],"collection":[{"href":"https:\/\/www.plongeeenapnee.com\/index.php?rest_route=\/wp\/v2\/pages"}],"about":[{"href":"https:\/\/www.plongeeenapnee.com\/index.php?rest_route=\/wp\/v2\/types\/page"}],"author":[{"embeddable":true,"href":"https:\/\/www.plongeeenapnee.com\/index.php?rest_route=\/wp\/v2\/users\/2"}],"replies":[{"embeddable":true,"href":"https:\/\/www.plongeeenapnee.com\/index.php?rest_route=%2Fwp%2Fv2%2Fcomments&post=19"}],"version-history":[{"count":0,"href":"https:\/\/www.plongeeenapnee.com\/index.php?rest_route=\/wp\/v2\/pages\/19\/revisions"}],"wp:attachment":[{"href":"https:\/\/www.plongeeenapnee.com\/index.php?rest_route=%2Fwp%2Fv2%2Fmedia&parent=19"}],"curies":[{"name":"wp","href":"https:\/\/api.w.org\/{rel}","templated":true}]}}